ive of 7*g**2/2 - 16*g - 1. Suppose 3*u - 18 = -2*j, 3*j + 3*u = 2*u + 20. What is the remainder when 75 is divided by s(j)?
23
Let a(w) = -4*w**2. Let t be a(-4). Let f be (t/4)/(-2) + -2 + 3. Let k = f - -8. Calculate the remainder when 28 is divided by k.
11
Suppose -231 = -20*j + 169. Suppose 1331 = j*m - 789. Calculate the remainder when m is divided by 22.
18
Let c = 712 - 657. What is the remainder when c is divided by (-54)/(-42)*56/6?
7
Let y = -6 + 25. Suppose 2*t - 150 = -4*x, -62*t - 2*x = -56*t - 430. What is the remainder when t is divided by y?
14
Suppose 2*m + 5*w + 752 = 4*m, -2*w - 1520 = -4*m. Let p = m - 365. What is the remainder when 110 is divided by p?
14
Let h = 1514 - 1407. Calculate the remainder when 413 is divided by h.
92
Let p(o) = 54*o - 2465. Calculate the remainder when 584 is divided by p(46).
14
Suppose 7*v + 27 = 62. Suppose 0 = x + n - 56 - 115, -v*x + 4*n = -882. What is the remainder when x is divided by 25?
24
Let y(x) = -233*x - 3715. What is the remainder when y(-19) is divided by 137?
27
Let x = -31172 + 31521. Calculate the remainder when x is divided by 8.
5
Suppose 0 = 3*b - y - 132, -2*b - y = 2*b - 176. Let x = b - 25. Let r = -173 - -266. What is the remainder when r is divided by x?
17
Let l = 3379 + -3364. What is the remainder when 2350 is divided by l?
10
Let o(l) = 6*l. Let b be o(2). Suppose -4*m + b = 7*w - 3*w, m + 5*w + 9 = 0. Suppose 0 = -m*d + 20 - 2. Calculate the remainder when 5 is divided by d.
2
Let a(g) = -3*g**2 + 70 + 2*g - 4*g**2 - 82 + 18*g**2 + g**3. Calculate the remainder when a(-10) is divided by (-8)/(-36) - (-507)/27.
11
Let j(c) = -2*c**3 + c**2 + c. Let h be j(-1). Suppose 29 = h*g + 19. Suppose -17 + 7 = g*l, 5*v - 447 = l. What is the remainder when v is divided by 23?
20
Let d(s) be the second derivative of -s**5/20 + 4*s**4/3 - 5*s**3/2 + 21*s**2/2 + 89*s. What is the remainder when 81 is divided by d(15)?
18
Let k = 359 + -357. Calculate the remainder when 49 is divided by (59 + -6 + 5)/k.
20
Let m = 21 + -19. Let h = 44 - 41. Suppose d + f + h = -4*f, 76 = 4*d - m*f. Calculate the remainder when 82 is divided by d.
14
Let a = -38 + 84. Suppose 4*s + x + 53 + 8 = 0, a = -4*s + 2*x. Let n = s + 41. Calculate the remainder when n is divided by 6.
3
Suppose 240*w + 97740 = 255*w. What is the remainder when w is divided by 41?
38
Let o(x) = 108*x - 131. Calculate the remainder when o(3) is divided by 52.
37
Suppose 0 = -19*g + 5987 + 41475. What is the remainder when g is divided by 20?
18
Suppose 486 = t + 484. Suppose -y - t*f + 98 = y, -3*f = y - 53. What is the remainder when 140 is divided by y?
46
Suppose -12*q - 7 = -31. Suppose -5*h - x + 153 = 0, -2*h + q*x + 63 = 3*x. Calculate the remainder when h is divided by 16.
14
Let d(m) = 3*m**2 + 3*m - 5. Let r be d(-4). Let j = -20 + r. Let n(k) = -95*k - 908. What is the remainder when n(-10) is divided by j?
9
Let x(d) = 21*d**2 + 9*d + 3. Let c be (10 - 8)*(-3)/2. What is the remainder when x(c) is divided by 54?
3
Let b = -21 + 32. Let d(f) = -3*f**2 - 210*f - 1621. What is the remainder when d(-9) is divided by b?
4
Suppose -4*u + u + 42 = 0. Let r be (21 + -19)*(0 - 3/2). What is the remainder when u is divided by (15/(-20))/(r + 140/48)?
5
Let c = -1635 - -2324. What is the remainder when c is divided by 5?
4
Suppose 7*n = 5*n + 24. Let z(l) be the second derivative of l**5/20 - 7*l**4/12 - l**3 + 17*l**2/2 - 17*l. Calculate the remainder when z(8) is divided by n.
9
Suppose 15*q = 3*k - 19545, 0 = -15*k + 13*k - 5*q + 12940. Calculate the remainder when k is divided by 94.
93
Suppose 20215 = 112*x - 119673. Calculate the remainder when x is divided by 23.
7
Let z(t) = 61*t**3 + 4*t**2 + 8*t - 20. What is the remainder when z(2) is divided by 65?
45
Let r(b) = b**3 - 6*b**2 + 8*b - 8. Let c be r(5). Suppose c*y + 34 = 9*y. Let i = 12 + -6. Calculate the remainder when y is divided by i.
5
Suppose 15 + 32 = z. Suppose 0 = -2*n + 5*m + 160, -n - 24 = -82*m + 86*m. What is the remainder when z is divided by n?
7
Let t = 1638 - 1332. What is the remainder when t is divided by 44?
42
Let p be (-1)/((1/(-17))/(24 - -1)). Suppose p - 1480 = -5*m. Calculate the remainder when m is divided by 20.
11
Let j(y) = y**2 - 137*y + 2913. Let g(t) = 40*t**3 + 3*t - 3. Calculate the remainder when g(2) is divided by j(26).
26
Suppose -68 = -14*z + 142. What is the remainder when 209 is divided by 8/(-7 - (-115)/z)?
5
Let r(f) = 296*f - 9. Let z be r(2). Suppose -5*k = 4*g - z, 5*g + 4*k = 4*g + 143. What is the remainder when g is divided by 15?
12
Let w = -58 - -188. Suppose -515*r - 360 = -521*r. Calculate the remainder when w is divided by r.
10
Let s(g) = -130*g + 78. Let u be s(5). What is the remainder when (51/(-12))/17*u is divided by 46?
5
Suppose 3*r = -f + 13, -16 = -3*r - f - 3*f. Let b be 336/(-140) + 84/10. Suppose -w = r*j - 13, -w = -b*w - 15. Calculate the remainder when j is divided by 3.
1
Let n = 0 + 3. Suppose s = 2*w - 27, -3*w - n*s + 23 = -31. Suppose 2*h - 76 = -6*y + 30, y = 3*h - 179. Calculate the remainder when h is divided by w.
14
Let j(g) = -1293*g + 3294. Calculate the remainder when j(2) is divided by 142.
140
What is the remainder when 3807 is divided by -5 + 5 + (-1)/((54/(-279))/6)?
25
Let d(k) be the second derivative of 25*k**3/3 - 37*k**2/2 - 94*k. Calculate the remainder when 140 is divided by d(2).
14
Suppose -3*m + 5*t + 333 = 0, -2*m + t + 222 = -3*t. Let o be 2/4 + (-1029)/(-42). Let b(r) = 7*r - 118. Calculate the remainder when m is divided by b(o).
54
Suppose 11 + 5 = 4*f, 4*z - 244 = -3*f. Let i = z - 11. Calculate the remainder when i is divided by 2/14 + (-696)/(-28).
22
Let a be 6 + -5 + 4 - -2. Suppose 18 = -5*j + a*j. Calculate the remainder when 50 is divided by j.
5
Let x(i) = 84*i - 56. Let g be x(1). Suppose 2*u - 5*y - 20 = 0, y + 15 = 3*u - g. Calculate the remainder when 1454 is divided by u.
14
Suppose -10*r + 3291 - 401 = 0. What is the remainder when r is divided by 38?
23
Let p be (-220)/(-2 + 9/4). Let g = -5620 + p. Calculate the remainder when 4/14 + g/(-35) is divided by 27.
24
Suppose 0*h = -h + 2*l + 74, 0 = 5*h - l - 388. Calculate the remainder when h is divided by 83/((-9960)/(-2240))*(-27)/(-12).
36
Let r(h) = 31*h + 1403. Calculate the remainder when r(32) is divided by 47.
45
Let y = 2365 + -1671. Let x = -667 + y. What is the remainder when 103 is divided by x?
22
Let f(h) = 2*h**2 - 2*h - 1. Let v be f(-1). Let k = -396 + 396. Suppose 81 = 3*b - k*s - v*s, 5*b - 141 = -s. Calculate the remainder when 83 is divided by b.
27
Let q = 203 - 202. What is the remainder when 39 - (6 - 0 - 3) is divided by -22*(6/q)/(-12)?
3
Let i = 69 - 125. Let y be (-3)/7 - 2264/i. Suppose 0*b + y = 5*b. Calculate the remainder when 20 is divided by b.
4
Let y = -2634 + 2680. Suppose -15*x + 5*x = -3650. Calculate the remainder when x is divided by y.
43
Let z = 19 - 3. Let b(f) = -6*f - 40. Let n be b(3). Let k = 35 - n. What is the remainder when k is divided by z?
13
Calculate the remainder when (6/15 - 2118/20)/((-226)/452) is divided by 38.
21
Let q(u) = -u**2 + 2*u. Let n be (-1 + 1)*(6 + (-55)/10). Let l be q(n). What is the remainder when 209 is divided by (l - -1)/(((-88)/(-336))/11)?
41
Let j = 21115 + -21024. Calculate the remainder when 6550 is divided by j.
89
Let j(x) = 449*x**2 + 172*x - 75. Calculate the remainder when j(5) is divided by 22.
20
Suppose 0 = -f + 7*s - 10*s - 75, 0 = 3*f + 2*s + 204. Let n = f + 68. Calculate the remainder when 27 is divided by n.
1
Suppose 4*g - 872 = -4*s, -3*s + 225 + 429 = -g. Let n(d) = -5*d**2 - 121*d - 11. Calculate the remainder when s is divided by n(-24).
10
Suppose 4*s - 39 = -3*y, 0 = 3*y - s - 12 - 27. Let v(f) = -2*f**3 + 26*f**2 + f + 26. Calculate the remainder when v(y) is divided by 10.
9
Suppose 0*u + 66 = 2*u - 4*p, -4*u - 3*p = -88. Suppose 2898 = 40*c - 54*c. Let y = c - -220. What is the remainder when u is divided by y?
12
Suppose 9*i - 5 + 5 = 0. Suppose -2*g + 8*g - 12 = i. Let h = -4 - -13. What is the remainder when h is divided by g?
1
Let w(m) = 2*m - 4 + 7 + 12*m - 12*m**2 - 22 + m**3. Calculate the remainder when 6/9*162*(-1)/(-2) is divided by w(11).
12
Suppose 139*i = 146977 + 5594